hat is a(w)?
6
Suppose 0 = -f - 3*z - 10, 30 = -5*f - 0*f + 5*z. Let l(n) = n**2 + 6*n. Calculate l(f).
7
Let w(n) be the first derivative of 3*n**4/2 - 2*n**3/3 + n**2 - n - 10. Calculate w(1).
5
Let x(p) = 2 + 40*p - 19*p - 18*p. Let o = 9 + -6. What is x(o)?
11
Let w be ((-144)/(-20))/(-6)*10/(-4). Let x(f) be the second derivative of -1/2*f**w - 3*f - 1/2*f**2 + 0. Calculate x(-2).
5
Let k(l) be the second derivative of -l**3/3 - l**2/2 - 9*l. What is k(3)?
-7
Let y(b) = b**3 + 10*b**2 + 10*b + 8. Let h be y(-9). Suppose 0 = 2*f - q - 11, -3*q = -5*f - 0*q + 30. Let d(a) = 1 - f*a - 3*a + a + 0*a. Calculate d(h).
6
Let a be (-14 + 15)*(0 - 1*6). Let r(s) = 17 - 13 + 2*s**2 - 7*s - 3*s**2. What is r(a)?
10
Let q(w) = w**3 - 5*w**2 + 4*w. Suppose 0 = 4*v, 3*v + 4 = -x - 0. Let y(c) = -c**3 - 5*c**2 - 4*c + 3. Let h be y(x). Calculate q(h).
-6
Let u(f) be the third derivative of -f**4/8 - 2*f**3/3 + 24*f**2. Suppose 2 + 2 = z. Calculate u(z).
-16
Suppose 0*d - 4*d - o + 19 = 0, 5*d + 4*o - 21 = 0. Suppose 0 = d*k - 10 - 5. Let r(w) = w**3 - 2*w**2 - w - 3. Calculate r(k).
3
Suppose -l - 4 = -1. Let d(b) be the second derivative of 2*b**2 + 4*b + 0 + 1/20*b**5 + 1/6*b**4 - 1/6*b**3. Calculate d(l).
-2
Let y(a) = 3*a - 2. Let n be y(2). Suppose n = 2*h + p, -h - p = 2*h - 8. Let t(z) = -z**2 + 3*z + 2. What is t(h)?
-2
Let v(l) = -2*l + 22. Let g(f) = -f + 21. Let z(y) = 3*g(y) - 2*v(y). Calculate z(-12).
7
Let n(v) = 3*v + 3. Let z(s) = s**2 - 4*s + s + 3 - 2*s. Let i be z(5). Suppose p + 0 = -i. Give n(p).
-6
Let p(d) be the second derivative of d**5/20 + 5*d**4/12 + d**3/6 + 2*d**2 + 2*d. Suppose 0 = 2*u - 7*u + 15. Let r be (-14)/u - 2/6. Determine p(r).
-1
Let o(k) be the third derivative of -k**4/6 + k**3/6 + 4*k**2. What is o(-1)?
5
Let s(k) be the third derivative of k**6/20 - 11*k**2. Let g = 0 - -1. Calculate s(g).
6
Let d(j) = -7*j + 7*j - j**2 + j - 5. Let b(g) = 4*g**2 - 4*g + 21. Let k(o) = -2*b(o) - 9*d(o). Calculate k(3).
9
Let o(a) = -a**2 + 6*a + 8. Let d be o(7). Let k = 4 + d. Let t(z) = -z + 4*z - k*z + 4. Give t(4).
-4
Let j(s) be the first derivative of s**3/3 - 5*s + 27. Determine j(0).
-5
Let c(b) = -b**2 - b. Let t(n) = -7*n**2 - 7*n + 1. Let s(f) = 6*c(f) - t(f). Suppose -6*o = -2*o. Calculate s(o).
-1
Let y(n) = n**3 + 1 + n**2 + 5*n**2 - 2 + 4*n. Let r = 0 + -5. What is y(r)?
4
Let k be ((-9)/4)/((-6)/(-16) + 0). Let f(p) = p**3 + 6*p**2 - 2*p + 7. What is f(k)?
19
Let o(d) = -9*d + 2. Let u(c) = -28*c + 6. Let g(p) = 7*o(p) - 2*u(p). Calculate g(2).
-12
Let s be ((-1)/(-2))/(4/24). Let h(c) be the second derivative of 0 - 2*c - 1/2*c**2 + 2/3*c**s. Calculate h(-1).
-5
Let p(g) = 2*g - 5. Let a(s) = s**3 - 5*s**2 - 7*s + 6. Let r be a(6). Suppose r = y + 4*y - 15. Let o(h) = -2*h + 4. Let d(j) = y*p(j) + 4*o(j). What is d(1)?
-1
Let v(q) = 5*q + 26*q**2 - 10*q**2 - 17*q**2. Determine v(5).
0
Let b(c) = 5 + 9 + 2*c - 3 - c. Calculate b(-6).
5
Let w(x) = 3*x**2. Let i(v) = 7*v**2. Let l(t) = -2*i(t) + 5*w(t). Suppose -2*r = 0, -3*r = n + 3*n - 8. Suppose -2*h = -4*h + n. Give l(h).
1
Let q be -5*(14/10 - 2). Let u(o) = 0*o + 7 + q*o + 0 - 3. Determine u(-3).
-5
Let b(l) = 4*l**2 - 2. Let f(u) = -5*u**2 - u + 1. Let i(r) = -4*b(r) - 3*f(r). Calculate i(5).
-5
Let f(a) = -4*a - 3. Suppose -2*o - o - 5*z + 14 = 0, 18 = o + 5*z. Determine f(o).
5
Let x(p) = -p**3 - 13*p**2 - 14*p - 16. Let n be x(-12). Suppose -6*z + 5*a = -2*z - n, z + 3*a + 15 = 0. Let l(u) = -u - 3. Give l(z).
0
Let q(n) = -n - 4*n + n + 5*n + 9. Determine q(-11).
-2
Let g = 8 + -13. Let r(k) = -8*k**3 - 5*k**2 + 6*k - 12. Let f(h) = 7*h**3 + 5*h**2 - 5*h + 11. Let y(d) = 7*f(d) + 6*r(d). Determine y(g).
0
Let j(v) = -5*v. Let m(i) = -3*i**2 - 1. Let h be m(-1). What is j(h)?
20
Suppose -5*j + j = -20. Suppose -15 = -5*z + 4*v, 4*v = -4*z + j*z - 19. Let p(o) = -5*o**2 + 1. Calculate p(z).
-4
Let r(d) = d**3 + 4*d**2 - 4*d + 2. Let h(k) = -2*k**2 - 10*k - 5. Let n be h(-5). What is r(n)?
-3
Let r(b) = 16*b + 40. Let g(s) = 3*s + 8. Let d(i) = -11*g(i) + 2*r(i). Let a(v) = -v**2 - 3*v - 2. Let w be a(-2). Determine d(w).
-8
Suppose k = -0*k + 5. Let j(f) = -3 + k*f - 5*f - 6*f - f**2. Suppose -2*b + o = 11, -17 = 2*b - 3*o - 0*o. What is j(b)?
5
Let s be (-4)/((4/(-3))/(-2)). Let w(p) = p + 2. Let f(h) = -2*h - 5. Let x(c) = 2*f(c) + 5*w(c). Give x(s).
-6
Let u(b) = 3 + 0 - 2 + b**2 + 3*b - b. Let m be 6*((-30)/9)/5. What is u(m)?
9
Let i be (56 - 2)/((-6)/(-4)). Let v(z) = 35*z - i*z + 1 - 2. Calculate v(5).
-6
Let z be 1 + -1 + (0 - -3). Suppose -5*w + 4*r = -22, 0 = -2*w - r - 5 + 6. Let l = z - w. Let p(i) = -i + 1. What is p(l)?
0
Let g(p) = p**2 - 1. Suppose 0 = 4*z + 5*w + 2, 0*z - 3*w = z + 4. Suppose q - z*q = 3. Give g(q).
8
Let u(p) = 11*p - 1. Let b(x) = -3*x - 1. Let t be b(0). What is u(t)?
-12
Let v be 2/4 + (-15)/(-2). Let c = v - 13. Let f(m) be the first derivative of -m**2/2 - 7*m - 7. Determine f(c).
-2
Let d(k) = k**2 - 2*k - 3. Let h(a) = -3*a**2 + 5*a + 9. Let m(l) = 8*d(l) + 3*h(l). Calculate m(0).
3
Suppose -4*f = 2*f. Let i(k) = k + 13. Determine i(f).
13
Let s(o) be the first derivative of -o**2 + 1/24*o**4 + 1/120*o**6 - 2 + 0*o + 0*o**5 - 1/6*o**3. Let k(d) be the second derivative of s(d). Give k(0).
-1
Suppose 11 - 17 = o. Let u(a) = a**2 + 5*a + 5. What is u(o)?
11
Let l(s) be the first derivative of -7*s**2/2 + s + 1. Suppose 0*b + 50 = 5*c - b, 5*b - 11 = -4*c. Suppose -4*k - 5*f + c = 0, -4*k - f = -3 - 2. What is l(k)?
-6
Let c be ((-10)/(-6))/((-30)/(-108)). Let x = c + 0. Let p(d) = 2*d - 6. What is p(x)?
6
Let r(w) = 0 - 28*w**2 + 5*w + 35*w**2 + w**3 - 6. What is r(-6)?
0
Let l(w) be the third derivative of w**6/120 + w**5/15 + w**4/8 + w**3/6 - 31*w**2 + 1. Suppose -2 - 28 = 5*g - 5*n, -4*n + 4 = g. What is l(g)?
-11
Suppose 0 = -2*g - 1 + 19. Let i = g + -7. Let s(j) = 2*j**2 + 4*j - 3. Let a(x) = -x**2. Let r(k) = 5*a(k) + s(k). Determine r(i).
-7
Let i(z) be the third derivative of 0 + 1/120*z**6 + 0*z**5 - 1/12*z**4 + 1/3*z**3 + 0*z + 10*z**2. Give i(2).
6
Let h(a) be the first derivative of 3*a - 2 + 3/2*a**2. Let w be ((-4)/(-6))/((-12)/36). Determine h(w).
-3
Let u(j) = j**3 - 5*j**2 - 5*j - 4. Let f be u(6). Let w be (3/(-4))/((-2)/8). Let i(q) = -6*q + f*q + 0 - w - q**2. What is i(-3)?
0
Let j(k) = -k**3 - 8*k**2 + k + 11. Let g = -123 - -115. Calculate j(g).
3
Let i be (2/(-4)*-1)/((-25)/50). Let q(x) = x**3 - x**2 - x - 1. What is q(i)?
-2
Let i(r) = r**3 - 5*r**2 - 5*r - 4. Let w = 16 - 26. Let b be 267/15 - 2/w. Let k be 4*(b/(-4))/(-3). Give i(k).
2
Let c(t) = -2*t**2 - 3*t + 3. Let r(n) = -3*n**2 - 2*n + 4. Let m(g) = -4*c(g) + 3*r(g). Calculate m(5).
5
Let c(j) = j**2 - 2*j + 2. Let n(p) = -p + 1. Suppose -2*s = s - 9, 0 = 5*z - s + 8. Let g be n(z). Give c(g).
2
Suppose 4*j + 3*s = 24, 5*j - s - 4 - 26 = 0. Let l(g) = -g**3 + 6*g**2 + 2*g. Calculate l(j).
12
Let h(l) = l - 1. Suppose -3*y + 2 = -4*d, -5*d + 5*y + 4 = 9. Give h(d).
0
Let z(l) = -l**3 + 2*l**2 + 2*l - 1. Suppose 5*x = 4*j - 0*j - 28, -4*j + 3*x + 20 = 0. Give z(j).
3
Let j(n) = n**2 - 2*n - 1. Let i be j(-1). Let z(w) = -4*w**2 - i + 0 + 3 + 0. Determine z(-1).
-3
Let n(t) = -t + 8. Let g(z) = -6*z + 39. Let a(d) = -2*g(d) + 11*n(d). What is a(-5)?
5
Let k(g) = -10*g**2 + 1. Let a = 14 - 15. Give k(a).
-9
Let t(g) = 3*g**3 - 4*g - g**3 + 17 - 14 - g**2 - 6. Determine t(-2).
-15
Let l(p) be the second derivative of p**8/1680 + p**7/1260 - p**6/360 + p**5/120 + p**4/3 - p. Let f(o) be the third derivative of l(o). Determine f(1).
5
Suppose 0 = 5*y - 3*y - 4. Let d(q) = -q**3 - q. Let c(f) = 3*f**3 + f + 1. Let t(j) = 2*c(j) + 5*d(j). Give t(y).
4
Let v(o) be the third derivative of -o**4/12 - o**3 + 43*o**2. Give v(-6).
6
Let k = 4 - -3. Let s = -2 + k. Let m(l) be the first derivative of -l**4/4 + 2*l**3 - 5*l**2/2 + 4*l - 1. Give m(s).
4
Suppose -4*t - 3 + 11 = 0. Let y(p) = -p**t - 3 + 7*p + 1 - 5. Let q be y(6). Let h(x) = 6*x**3 + x + 1. Determine h(q).
-6
Suppose 0*f - 3*f - v + 38 = 0, 4*f + 2*v - 50 = 0. Suppose -4*b = k - f, 9 = b + 2*b. Let j(z) = -8*z**2. Determine j(k).
-8
Let z(y) be the second derivative of 2*y**2 + 0 - 1/6*y**3 - 6*y. Calculate z(-4).
8
Let h(g) be the third derivative of g**7/840 - g**6/72 + g**